te the greatest common divisor of j and b.
10
Let k = 60 - 57. Let g be (-38)/(-4) + 1 + 5/(-2). Suppose -3*a - 2*j + 20 = g, -4*j = a - 4. What is the greatest common factor of k and a?
1
Let d(k) = k**3 + 25*k**2 + 19*k - 97. Let o be d(-24). Calculate the greatest common divisor of o and 2231.
23
Suppose 776 + 883 = 2*f + f + 5*a, -2*a = 0. Calculate the greatest common divisor of 1264 and f.
79
Suppose -4*c + 7 = 3*w, 0 = -5*w - c - 4*c + 20. Let s = 32 + -26. Calculate the greatest common factor of s and w.
3
Suppose 73*i = 82*i + 119*i - 184704. What is the greatest common factor of i and 185?
37
Suppose -b - 2*c + 34 = 0, -60 = 55*b - 57*b - 3*c. What is the highest common factor of 10899 and b?
9
Let w = -22 - -22. Suppose w = 3*h - 5*m - 51, -h + 5*h + 4*m = 68. Let f = h - 10. Calculate the highest common divisor of 7 and f.
7
Let d = 96 + -67. Let f = -19362 + 19391. Calculate the greatest common factor of f and d.
29
Let l(g) = -16*g + 116. Let k be l(5). What is the highest common divisor of 279 and k?
9
Suppose -4*a = 2*k - k - 64, -277 = -3*k + 5*a. Let y be (-1*14/28)/(-1) + (-41)/(-2). What is the greatest common factor of y and k?
21
Suppose 2*x - 49*x + 68761 = 0. What is the highest common divisor of 361 and x?
19
Let m = -10156 - -10356. What is the highest common divisor of 72 and m?
8
Let i be ((-2)/4 - -2)/((-45)/(-300)). Suppose 4*b + f = i - 0, -b = f - 1. Suppose k + b = 0, -v + 0 = k - 7. Calculate the highest common divisor of 2 and v.
2
Let a = -1437 + 2878. What is the highest common divisor of a and 55?
11
Let x(o) = -129*o**2 - 3*o. Let b be x(-1). Let c = -35 - b. Suppose 182 = -512*n + 526*n. Calculate the greatest common factor of n and c.
13
Suppose 5 + 0 = b. Let d be -137 - ((-24)/3)/4. Let m be 4/(-30) + (-24)/d*57. What is the greatest common factor of b and m?
5
Let v = -83 - -83. Let l be (v - -37) + (1 - 4). Let w be -3*(-7)/(21/l). What is the greatest common divisor of w and 85?
17
Let h be 180/315*(-385)/(-2). What is the highest common divisor of h and 11110?
110
Suppose -1480 = -3*n + 4*x, 3*n + 982 = 5*n - 5*x. Calculate the greatest common divisor of n and 16.
16
Suppose 12 = 5*d - 33. Let k = -709 - -710. What is the highest common divisor of k and d?
1
Let x = -27 + 39. Let s = 119718 + -118722. What is the highest common factor of s and x?
12
Let b be (-1375)/(-50)*(-4)/(-10) + 29. Calculate the highest common divisor of b and 3260.
20
Let n(c) = -10*c + 323. Let l be n(32). Suppose -4*s = 8, -356 = -9*q + 4*q - 2*s. Let i = q + -39. Calculate the greatest common divisor of i and l.
3
Suppose 7*t - 60 = -46. Suppose 2*c + 9 - 1 = 0, 160 = t*p - 4*c. Suppose 4*f - 288 = 432. Calculate the highest common factor of p and f.
36
Let b(c) = c**2 - 31*c - 31. Let q be b(32). Let p(y) = -y**2 - 7*y - 5. Let a be p(-6). What is the highest common divisor of q and a?
1
Suppose -8 = 6*g - 20. Suppose -2*s + g*q + 30 = -0*s, 4*q - 5 = -s. Suppose -s*n = -16*n + 18. Calculate the highest common divisor of 78 and n.
6
Let v be (2/(-4) - -2)*1352/39. Suppose 8*u - 3*u - 99 = -4*m, 0 = -4*m - 2*u + 102. What is the highest common factor of v and m?
26
Let g be 4 - 35/7 - -31. Calculate the highest common divisor of 1980 and g.
30
Let o = -123 - -110. Let q be -3 + (o/3)/(1/(-3)). Calculate the highest common divisor of q and 640.
10
Suppose 54*p + 3*h = 52*p - 5, -h = -2*p + 7. Suppose -3*j = j + a - 1433, -p*a = -10. Calculate the greatest common factor of 21 and j.
21
Let u(o) be the third derivative of -105*o**4/8 + 13*o**3/6 + 23*o**2. Let g be u(-1). What is the greatest common factor of 16 and g?
8
Suppose -4*q = 5*q - 414. Suppose q = 3*d - 62. Suppose 3*p - d = -3*t + 2*t, 0 = -3*t + 4*p + 108. What is the highest common divisor of 8 and t?
4
Let i be ((0 - -70)/1)/(-2)*(-175 - 1). Calculate the highest common divisor of i and 22.
22
Suppose 4*v - 2*v - 136 = 0. Let a be -7 + (7 + 2 - -430). Let l = a + -381. What is the greatest common divisor of l and v?
17
Let z(g) = -g**3 + 17*g**2 - 31*g + 36. Let t be z(15). Let f = 35 - 14. Calculate the highest common factor of t and f.
21
Let f(g) be the third derivative of -9*g**4/8 - 7*g**3/6 + 170*g**2. Let o be f(-1). Calculate the highest common factor of 30 and o.
10
Let c = 135 + 43. Suppose -120 = -180*g + c*g. Calculate the highest common divisor of g and 660.
60
Let t(u) = -u**3 - u**2 + 2*u + 3. Let p be t(-3). Let o be (1 + p/9)*-12. Let v = o - -70. What is the highest common divisor of 19 and v?
19
Let z = 11 + 8. Let b(s) = -658*s + 1335. Let x be b(2). What is the highest common divisor of x and z?
19
Suppose 745 = -278*v + 1561 + 3632. Let l(k) = -43*k - 2. Let j be l(-6). Calculate the highest common divisor of j and v.
16
Let j(l) = -1183*l - 1454. Let a be j(-2). What is the highest common divisor of a and 432?
48
Let t(m) = 308*m + 3597. Let h be t(-11). Calculate the highest common divisor of h and 589.
19
Let i(c) = c**3 - 7*c**2 - c + 46. Let l be i(7). What is the greatest common factor of 832 and l?
13
Suppose 0 = 6*b - 18 + 6. Let c be 10/(-2) + 4 + b. Let z be (0 + -60)/(-3*c/3). Calculate the greatest common divisor of z and 15.
15
Suppose -2*g = 3110 - 500. Let x be (1 - -3) + g/(-29). What is the highest common divisor of x and 84?
7
Suppose -3*j - 3 = 3*f, -f = f - 8. Let y = j - -7. Suppose -3*r + 5 - 29 = -2*a, 2*r + 8 = 0. What is the highest common factor of y and a?
2
Let z(j) = -78*j - 442. Let w be z(-6). Calculate the greatest common factor of 78 and w.
26
Let b = -27 - -17. Let h = 45 - b. Let q = 5 + 0. Calculate the highest common factor of q and h.
5
Suppose 5*p - 2*t - 39 = -7, 3*t - 27 = -5*p. Suppose 0 = 4*b - w - 2311, -8*w = -b - p*w + 576. Calculate the greatest common divisor of 34 and b.
34
Suppose 0 = 3*a - 9, -2*v - 2*v + 2 = -2*a. Suppose -10 = -v*t, 8*r = 5*r - 3*t + 321. What is the highest common factor of 6 and r?
6
Suppose 0*l - 19 = -5*j - 2*l, -4*j + 10 = -l. Suppose -250 = -2*w + j*c + 410, 5*w - 1612 = -2*c. Calculate the highest common factor of w and 4.
4
Let w = 2345 - 2327. Let j = -107 + 188. Let f be (w/j - 286/(-9))/2. Calculate the highest common divisor of 96 and f.
16
Let l be 1/(2/(-14)*-1). Let f be (-2 - (-1)/2)/((-141)/(-2444)). Let k be f*((-728)/(-16))/(-13). Calculate the greatest common divisor of k and l.
7
Let y = -318 + 323. Let l be 15 + (-4 + y - -5). Suppose -3*s = 2*s - 315. Calculate the greatest common divisor of s and l.
21
Suppose 22 = 6*l + 5*l. Suppose 3*w - 4*f - 85 = 0, 0*f + 115 = 3*w + l*f. Calculate the highest common factor of w and 42.
7
Let o be ((-16)/5)/(-6 + (-55006)/(-9170)). Calculate the highest common factor of o and 32.
16
Let h(y) = 3*y - 25*y - 2 + 35*y + 20*y**2. Let d be h(2). What is the greatest common factor of d and 65?
13
Let y(t) = t**3 + 4*t**2 - 23*t + 10. Let x be y(-7). What is the highest common factor of x and 348?
12
Suppose 5*d = g + g + 241, -182 = -4*d - 2*g. Suppose -d*m + 276 = -24*m. What is the highest common factor of 576 and m?
12
Let h(b) be the second derivative of 0 - 3*b + 4*b**2 - 41/3*b**3. Let p be h(-2). Calculate the greatest common divisor of p and 43.
43
Let h(q) = 388*q**2 - 8*q - 12. Let y be h(3). Calculate the greatest common factor of y and 128.
128
Let a be (-18)/(-207) + 6252/46. Let c = 150 - a. Let h = -22 - -24. What is the highest common divisor of c and h?
2
Let n = -1244 - -1272. Suppose 2*d = -o + 4*o - 335, -2*o - 4*d + 234 = 0. Let l be o + (-1)/2*2. Calculate the greatest common divisor of l and n.
28
Suppose -15*p + 2535 = 7*p - 2657. What is the highest common divisor of p and 16?
4
Let h(w) = 11*w**2 - 5*w - 2. Let t be 1/4*8/(-4)*2. Let i be h(t). Suppose 849 - 275 = i*y. What is the greatest common divisor of y and 164?
41
Suppose -29*c + 169 + 130 - 67 = 0. Calculate the greatest common divisor of c and 3656.
8
Let w be (-979 + -1)/(-16*(-43)/(-4816)). Calculate the highest common divisor of w and 60.
20
Suppose 0 = 101*f - 19870 - 40346 - 36744. What is the greatest common divisor of 800 and f?
160
Let j = -224 + 226. Let h be (-7891)/(-39) + j + (-8)/6. What is the highest common divisor of h and 7?
7
Let x = -149 + 164. Let r be (1 - 20/x) + 118/3. Let u be (-1 + -25)*108/(-24). W